 units digit of 255426?
6
What is the units digit of 3518421?
1
What is the ten thousands digit of 18858120?
5
What is the ten millions digit of 18900969?
1
What is the tens digit of 1721767?
6
What is the hundred thousands digit of 2990101?
9
What is the thousands digit of 1435100?
5
What is the hundreds digit of 10047042?
0
What is the ten thousands digit of 449967?
4
What is the millions digit of 5356500?
5
What is the thousands digit of 26296360?
6
What is the millions digit of 2507233?
2
What is the ten thousands digit of 1214023?
1
What is the ten thousands digit of 280557?
8
What is the thousands digit of 96821?
6
What is the ten thousands digit of 5685220?
8
What is the hundred thousands digit of 1383366?
3
What is the thousands digit of 971270?
1
What is the ten thousands digit of 383508?
8
What is the hundred thousands digit of 1079627?
0
What is the tens digit of 3928131?
3
What is the hundreds digit of 386985?
9
What is the hundreds digit of 17337?
3
What is the ten thousands digit of 398960?
9
What is the millions digit of 3398136?
3
What is the thousands digit of 621713?
1
What is the millions digit of 29347145?
9
What is the millions digit of 1603200?
1
What is the units digit of 8377736?
6
What is the ten thousands digit of 241855?
4
What is the hundreds digit of 14309351?
3
What is the hundred thousands digit of 1290130?
2
What is the thousands digit of 10929396?
9
What is the millions digit of 41426325?
1
What is the millions digit of 27615272?
7
What is the units digit of 101273?
3
What is the hundreds digit of 1312917?
9
What is the hundred thousands digit of 308044?
3
What is the hundreds digit of 355656?
6
What is the millions digit of 3749771?
3
What is the units digit of 1269831?
1
What is the units digit of 53397?
7
What is the hundreds digit of 75932?
9
What is the hundreds digit of 130099?
0
What is the units digit of 1088698?
8
What is the hundred thousands digit of 231728?
2
What is the ten thousands digit of 2528825?
2
What is the hundred thousands digit of 7925032?
9
What is the thousands digit of 384454?
4
What is the units digit of 241710?
0
What is the hundreds digit of 20763?
7
What is the tens digit of 3423739?
3
What is the ten thousands digit of 2850645?
5
What is the units digit of 132422?
2
What is the hundred thousands digit of 45152771?
1
What is the hundreds digit of 1568769?
7
What is the units digit of 204368?
8
What is the units digit of 1706437?
7
What is the hundred thousands digit of 13911195?
9
What is the tens digit of 6652305?
0
What is the hundreds digit of 156580?
5
What is the hundred thousands digit of 348812?
3
What is the hundreds digit of 6256690?
6
What is the units digit of 406271?
1
What is the tens digit of 188333?
3
What is the tens digit of 260563?
6
What is the hundreds digit of 16674?
6
What is the thousands digit of 4281037?
1
What is the millions digit of 1796074?
1
What is the hundreds digit of 9539842?
8
What is the units digit of 3972244?
4
What is the hundred thousands digit of 3744531?
7
What is the tens digit of 155086?
8
What is the hundred thousands digit of 6909484?
9
What is the tens digit of 6119356?
5
What is the ten thousands digit of 372008?
7
What is the units digit of 10502728?
8
What is the thousands digit of 217681?
7
What is the ten thousands digit of 331112?
3
What is the hundreds digit of 5984434?
4
What is the units digit of 3390342?
2
What is the tens digit of 85632?
3
What is the units digit of 8166908?
8
What is the units digit of 187420?
0
What is the hundreds digit of 2113692?
6
What is the thousands digit of 713004?
3
What is the units digit of 1044486?
6
What is the tens digit of 23710677?
7
What is the tens digit of 2865646?
4
What is the millions digit of 33249608?
3
What is the hundred thousands digit of 1159960?
1
What is the hundreds digit of 1807510?
5
What is the ten thousands digit of 100448?
0
What is the tens digit of 11842690?
9
What is the tens digit of 590864?
6
What is the ten thousands digit of 2306267?
0
What is the tens digit of 519158?
5
What is the tens digit of 2144169?
6
What is the ten thousands digit of 29587?
2
What is the units digit of 4612230?
0
What is the units digit of 7490507?
7
What is the hundreds digit of 25151090?
0
What is the tens digit of 229597?
9
What is the millions digit of 1492214?
1
What is the tens digit of 3496920?
2
What is the hundred thousands digit of 3303270?
3
What is the hundreds digit of 5052232?
2
What is the ten thousands digit of 4480718?
8
What is the ten thousands digit of 1928377?
2
What is the units digit of 546157?
7
What is the units digit of 3618653?
3
What is the ten thousands digit of 82286?
8
What is the tens digit of 1721228?
2
What is the hundred thousands digit of 615543?
6
What is the units digit of 4191484?
4
What is the tens digit of 65722?
2
What is the thousands digit of 164801?
4
What is the ten thousands digit of 6991867?
9
What is the ten thousands digit of 1299209?
9
What is the ten millions digit of 10390454?
1
What is the ten thousands digit of 332052?
3
What is the thousands digit of 8082120?
2
What is the hundred thousands digit of 130023?
1
What is the thousands digit of 2537940?
7
What is the thousands digit of 271213?
1
What is the millions digit of 8214628?
8
What is the thousands digit of 19421908?
1
What is the thousands digit of 7062119?
2
What is the thousands digit of 1829125?
9
What is the thousands digit of 35330?
5
What is the hundred thousands digit of 645783?
6
What is the tens digit of 330644?
4
What is the thousands digit of 9977087?
7
What is the hundreds digit of 787210?
2
What is the hundred thousands digit of 5370386?
3
What is the ten millions digit of 36558043?
3
What is the tens digit of 128?
2
What is the ten thousands digit of 1547326?
4
What is the tens digit of 29817904?
0
What is the units digit of 231308?
8
What is the millions digit of 1854657?
1
What is the millions digit of 7212681?
7
What is the hundred thousands digit of 473077?
4
What is the hundreds digit of 697050?
0
What is the hundred thousands digit of 319744?
3
What is the ten thousands digit of 756085?
5
What is the hundred thousands digit of 832480?
8
What is the hundred thousands digit of 8585860?
5
What is the hundred thousands digit of 748319?
7
What is the hundreds digit of 2386846?
8
What is the hundred thousands digit of 1162509?
1
What is the thousands digit of 1536328?
6
What is the hundreds digit of 2972976?
9
What is the units digit of 90652?
2
What is the tens digit of 1147844?
4
What is the hundreds digit of 11528675?
6
What is the units digit of 7247284?
4
What is the hundreds digit of 1763253?
2
What is the hundred thousands digit of 116566?
1
What is the hundreds digit of 18576689?
6
What is the hundred thousands digit of 4557517?
5
What is the hundred thousands digit of 1900125?
9
What is the hundred thousands digit of 871627?
8
What is the thousands digit of 2407013?
7
What is the ten thousands digit of 1951154?
5
What is the thousands digit of 579956?
9
What is the millions digit of 12053244?
2
What is the thousands digit of 3099038?
9
What is the hundreds digit of 536692?
6
What is the hundred thousands digit of 8853599?
8
What is the hundreds digit of 11270094?
0
What is the ten thousands digit of 118007?
1
What is the thousands digit of 6488776?
8
What is the thousands digit of 219915?
9
What is the ten thousands digit of 806459?
0
What is the tens digit of 696931?
3
What is the thousands digit of 436207?
6
What is the millions digit of 23686223?
3
What is the ten thousands digit of 692376?
9
What is the tens digit of 2012546?
4
What is the units digit of 1887745?
5
What is the millions digit of 3294701?
3
What is the millions digit of 1217374?
1
What is the units digit of 5986763?
3
What is the hundred thousands digit of 199013?
1
What is the thousands digit of 2303114?
3
What is the tens digit of 2354576?
7
What is the tens digit of 370861?
6
What is the thousands digit of 29797?
9
What is the tens digit of 4237?
3
What is the tens digit of 994199?
9
What is the units digit of 787022?
2
What is the tens digit of 10361486?
8
What is the hundreds digit of 1640220?
2
What is the ten thousands digit of 16283403?
8
What is the thousands digit of 16911